factors of i.
2, 13
List the prime factors of -30*((-6194)/28 - (-3)/147*-14).
3, 5, 443
Let m(n) = -482*n**2 + 17*n - 16. Let o be m(1). Let j = 546 + o. What are the prime factors of j?
5, 13
Suppose -5*g + 4*q - 207 = 0, -157 = 3*g + q - 26. Let m = g + 43. Suppose 198 = 3*a + 4*s, -2*a + 137 = -m*s + s. List the prime factors of a.
2, 5, 7
Let x = 427 - 1248. Let i = 457 - x. List the prime factors of i.
2, 3, 71
Let n = 129 + -228. Suppose -237 = 5*l - f, -2*f + 192 = -4*l - 0*f. Let k = l - n. List the prime factors of k.
2, 13
Let w = 798 - -3641. List the prime factors of w.
23, 193
Suppose 11*i + 13*i = 20*i + 39412. What are the prime factors of i?
59, 167
Let v(b) = -11*b + 22. Let j be v(2). Let r(g) = g**2 - 4*g + 983. List the prime factors of r(j).
983
What are the prime factors of 12/(-300)*5 + -4013*(-2)/5?
3, 5, 107
What are the prime factors of (-2)/1 + 5/2 + (-42170)/(-4)?
13, 811
Suppose -2*x + 13*u + 1213 = 18*u, -3050 = -5*x + 5*u. Let o = 1712 - x. List the prime factors of o.
1103
Let h = -827 - -825. Let p(u) = -2*u**2 + 2*u + 2. Let k be p(-3). List the prime factors of (0 - k)/((-1)/h).
2, 11
Suppose -4*p - 5*z + 72 = -44, 4*z = 3*p - 56. Let a be (27/(-12))/(p/(-64)). List the prime factors of 180/21*((-189)/a)/(-3).
2, 3, 5
Let b(c) = 2*c - 41. Let p be b(20). List the prime factors of 50 + p - (1 + -5 - -3).
2, 5
Suppose -4*m + 8 = 0, 5*z - 4*m + 290 = 67382. What are the prime factors of z?
2, 5, 11, 61
Let h(t) = -16*t**2 - 34*t + 20. Let x be h(10). Let z = 3231 + x. What are the prime factors of z?
3, 19, 23
Let m(y) = -y**3 + 6*y**2 + 42*y + 7. Let h be m(-4). List the prime factors of h + -1 - (-5 - 161).
2, 41
Let x(r) = 59 - 29 - r - 190*r**2 - 26. Let b(m) = -190*m**2 - 2*m + 4. Let u(a) = 6*b(a) - 7*x(a). What are the prime factors of u(-1)?
191
What are the prime factors of (-553792)/(-100) + -4 + ((-108)/(-75))/18?
2, 2767
Let f = -4553 - -18681. List the prime factors of f.
2, 883
Let n(s) = 2*s + 5. Suppose 0 = q + 3*o + 9, 3*o + 6 + 3 = 0. Suppose -6*z = -5*f - 2*z - 5, -5*f + 3*z = q. List the prime factors of n(f).
11
Suppose 1048 = -17*t + 16*t. Let r = t + 1893. What are the prime factors of r?
5, 13
Suppose -2*q - 3 + 47 = -4*m, -2*q + m + 38 = 0. Suppose 0 = -6*t + q*t - 4440. What are the prime factors of t?
2, 5, 37
Let k be (-16)/7 - 28/(-98) - -14. What are the prime factors of ((-927)/2)/((-45)/k + 3)?
2, 3, 103
Let r(v) be the second derivative of 56*v**3/3 + 35*v**2 + v + 43. List the prime factors of r(2).
2, 3, 7
Let p be (0 - 1) + -5*1. Let x(u) be the third derivative of u**5/12 - u**4/24 - 2*u**3 + 2*u**2 + 406*u. What are the prime factors of x(p)?
2, 3, 29
Suppose 5*a + 28*a = 165. List the prime factors of 0 + 291/(8 - a).
97
Suppose -2*z = -3*c + 49, z = c - 10 - 8. Let h = 8 - 0. Suppose -c*i + 95 = -h*i. List the prime factors of i.
19
List the prime factors of 6 + 292782/16 + (3146/(-176) - -18).
5, 7, 523
Suppose -61 = -9*t + 11. Suppose 0 = 5*z + t - 18. Suppose 2*y - 440 = -z*y. List the prime factors of y.
2, 5, 11
Let i(z) = z**3 + 18*z**2 - 20*z - 15. Let m be i(-19). Suppose -g + 3*g = 4*n, -2*g - m*n = 8. List the prime factors of -42*(-20)/(-24)*g.
2, 5, 7
Suppose 0 = 1471*a - 1540*a + 815028. What are the prime factors of a?
2, 2953
Let t(y) = y - 3. Let c be t(15). Let k(f) = -2*f**3 + 2*f**2 - 4*f + 2. Let i be k(1). What are the prime factors of i/c + 0 + 5299/42?
2, 3, 7
Suppose -4 = -3*g - 2*c, 0 = g + 3*g - 2*c - 10. Let u(x) = 8*x + 8 - 11 + 3*x**g - 7*x. What are the prime factors of u(-6)?
3, 11
Let s be (-2)/6 - (-3)/9. Suppose s = -0*g - 7*g + 28. Suppose g*f + 9*f - 1898 = 0. What are the prime factors of f?
2, 73
Suppose 7*c + 2 = 6*c, 3*x - 5*c - 277 = 0. Suppose -532 - x = -3*k. List the prime factors of k.
3, 23
Suppose -236934 = 26*j - 1467384. List the prime factors of j.
3, 5, 631
Let t(l) = -65*l**2 - 2*l - 1. Let v be t(-1). Let c = v - -69. Suppose 454 = c*z - 421. List the prime factors of z.
5, 7
Let j(w) = -35*w**3 + 29*w**2 + 11*w + 22. List the prime factors of j(-6).
2, 5, 107
Let a = 8085 + -1006. What are the prime factors of a?
7079
Let c(x) = 3*x**2 + 6*x + 8. Let a be c(8). Let o = -167 + a. Suppose j - 27 = -4*g + 96, 0 = 3*g + 3*j - o. What are the prime factors of g?
2
Let i = 2550 - -6514. List the prime factors of i.
2, 11, 103
List the prime factors of (3830/(-3))/(171/(-1026)).
2, 5, 383
Let g = 3816 + 16398. List the prime factors of g.
2, 3, 1123
Let l be (11 + -24)*(-2)/2. Let u = 3 - l. What are the prime factors of 861/6 - (-15)/u?
2, 71
Suppose 4*o + 36 = 12. Let f(k) = -k**2 + 15*k - 17. Let g be f(7). What are the prime factors of o/(-39) + 3348/g?
2, 43
Suppose 4*j + 2*l - 186 = 0, -3*j + 7*j - 204 = 4*l. Let z(q) = -41 + 4*q - j + 12*q**2 + 74. What are the prime factors of z(-5)?
5, 53
Let p = 91 - 97. What are the prime factors of p/18 + (-2956)/(-12)?
2, 3, 41
Suppose 4*b - 2*t = 46144, -2943*t = b - 2940*t - 11543. What are the prime factors of b?
83, 139
Let l = 29848 - -1968. What are the prime factors of l?
2, 41, 97
Let s be (-3 + 5)/((-4)/2). Let t(p) = -181*p**2 + 5*p + 17. Let j(n) = -182*n**2 + 5*n + 14. Let h(u) = -5*j(u) + 4*t(u). List the prime factors of h(s).
3, 7
Let a = -162 - -199. Suppose 4*s + a = 69. List the prime factors of s.
2
Let y = 15475 - 1628. List the prime factors of y.
61, 227
Suppose 3*c - 35339 = 1649*a - 1644*a, 3*c - 35297 = -a. What are the prime factors of c?
2, 1471
Let z(a) = -56*a - 14. Let u(j) = -7*j + 16. Let b be u(2). Suppose -3*q + 24 = -5*w, -2*w - b*q = -3*q + 9. List the prime factors of z(w).
2, 7, 11
Let p = 10200 + -6968. What are the prime factors of p?
2, 101
Suppose z + 2*i - 30 = 0, -30*z + 50 = -29*z - 2*i. Suppose -1785 = -43*g + z*g. What are the prime factors of g?
5, 7, 17
Let v = -217 + 214. Let x(b) = -83*b - 3. List the prime factors of x(v).
2, 3, 41
Let y(m) = m**3 + 46*m**2 - 4*m + 70. Let o = -607 + 561. List the prime factors of y(o).
2, 127
Suppose -v - 29784 = 4*l - 86728, 0 = -l + 3*v + 14236. What are the prime factors of l?
2, 3559
Let z(a) be the second derivative of a**4/12 - 17*a**3/6 + 39*a**2/2 - 35*a. Let d be z(14). What are the prime factors of (-578)/d - 2/(-6)?
193
Suppose 19677*s - 59487 = 19674*s. What are the prime factors of s?
79, 251
Let o(r) = -25*r + 221. Let f be o(6). What are the prime factors of (-552)/(-4 - -2)*(73 - f)?
2, 3, 23
Let n(k) = 3*k**2 + 78*k + 95. What are the prime factors of n(33)?
2, 7, 53
Let x be (-1 + -2 - -7)*-98. Let r be (x/(-10))/((-2)/(-10)). Suppose -5*n = -3*a + r, 0 = 3*a + n - 0*n - 166. What are the prime factors of a?
3, 19
Let d be ((-682)/33)/(4/(-6)). Let n = d - -46. What are the prime factors of (4/8)/(n/76 + -1)?
2, 19
Let h = 119 + 199. Suppose b = -q - 2*b + h, -5*b = q - 314. List the prime factors of q.
2, 3
Suppose -6*m + 2 = 2. List the prime factors of 7/(-14)*(m/3 + -850).
5, 17
Let h be 6/(-4) - (-4)/8. Suppose 198 = 11206*b - 11195*b. What are the prime factors of (22/(-33))/(h/(b*22))?
2, 3, 11
Let i be (-4)/22 - (996/(-33) - 0). Suppose 3*q - 23 = 349. Let b = q - i. List the prime factors of b.
2, 47
List the prime factors of (-4 - -6 - 7) + (39721*1 - -1).
3, 1471
Suppose -79*a + 85*a = 5280. Suppose 9*k - 5*n - a = 4*k, -5*k + 880 = n. List the prime factors of k.
2, 11
What are the prime factors of -1*(-2)/(-4)*9191*(-46 + 32)?
7, 13, 101
List the prime factors of (-318178440)/(-5040) - (-3)/(-14) - 6/14.
2, 5, 59, 107
Suppose -2*a = 9*k - 1879, 0*a = -3*a - k + 2906. What are the prime factors of a?
971
Let s be 3854/984 - 1/(-12). Suppose 3*z - 4124 = s*v, -1395 = -2*z - 3*v + 1377. List the prime factors of z.
2, 3, 5, 23
Let q(s) = s**3 - 13*s**2 + 4*s + 2. Let k be q(14). Let u be 2/3 + (-2246)/(-6). Let h = u - k. List the prime factors of h.
11
Let r be (154/275*-5)/((-4)/(-10)). Let w(j) = -258*j - 159. What are the prime factors of w(r)?
3, 61
Let y be ((-18)/10)/((-8)/40). Let v(i) = 8*i - 2. Let d be v(y). Let w = d - 25. List the prime factors of w.
3, 5
Let f(q) = -4*q + 73. Let s be f(6). List the prime factors of 40/70 + 57547/s.
5, 47
Suppose -2*v = -5*h + 8, 4 = -5*h - v - 0. Suppose h = -b - 2 + 5. Suppose -b*x + 59 + 94 = 3*p, -4*p - x + 195